09:21:07.635 T:140604312577792 NOTICE: VDPAU::COutput registered output surfaces
09:21:07.636 T:140604251432704 DEBUG: CRenderManager::Configure - change configuration. 1920x1080. display: 1920x1080. framerate: 29.97. format: VDPAU
09:21:07.638 T:140604312577792 NOTICE: VDPAU::COutput registered output surfaces
09:21:07.672 T:140605333829312 NOTICE: Previous line repeats 1 times.
09:21:07.672 T:140605333829312 DEBUG: DeleteRenderer - deleting renderer
09:21:07.672 T:140605333829312 DEBUG: LinuxRendererGL: Cleaning up GL resources
09:21:07.673 T:140605333829312 DEBUG: Previous line repeats 1 times.
09:21:07.673 T:140605333829312 DEBUG: CLinuxRendererGL::PreInit - precision of luminance 16 is 16
09:21:07.673 T:140605333829312 NOTICE: GL: Using VDPAU render method
09:21:07.673 T:140605333829312 NOTICE: GL: NPOT texture support detected
09:21:07.673 T:140605333829312 NOTICE: GL: Using GL_ARB_pixel_buffer_object
09:21:07.673 T:140605333829312 NOTICE: Using GL_TEXTURE_2D
09:21:07.674 T:140605333829312 DEBUG: CRenderManager::Configure - 5
09:21:07.674 T:140604251432704 DEBUG: CPullupCorrection: pattern lost on diff -57166666.000000, number of losses 1
09:21:07.704 T:140605333829312 DEBUG: GL: Vertex Shader compilation log:
09:21:07.704 T:140605333829312 DEBUG: GL: Vertex Shader compiled successfully
09:21:07.704 T:140605333829312 DEBUG: GL: Pixel Shader compilation log:
09:21:07.704 T:140605333829312 DEBUG: GL: Fragment Shader compiled successfully
09:21:07.705 T:140604234647296 DEBUG: CVideoPlayer::HandleMessages - player started 2
09:21:07.705 T:140604234647296 DEBUG: CVideoPlayer::SetCaching - caching state 3
09:21:07.705 T:140604234647296 DEBUG: CDVDClock::SetSpeedAdjust - adjusted:0.000000
09:21:07.705 T:140604234647296 DEBUG: CVideoPlayer::SetCaching - caching state 0
09:21:07.705 T:140604234647296 DEBUG: CDVDClock::SetSpeedAdjust - adjusted:0.000000
09:21:07.705 T:140604234647296 DEBUG: VideoPlayer::Sync - Audio - pts: 69659.000000, cache: 293519.140531, totalcache: 550000.011921
09:21:07.705 T:140604234647296 DEBUG: VideoPlayer::Sync - Video - pts: 0.000000, cache: 50000.000000, totalcache: 100000.000000
09:21:07.705 T:140604226254592 DEBUG: CVideoPlayerAudio - CDVDMsg::GENERAL_RESYNC(-223860.140531)
09:21:07.705 T:140604226254592 DEBUG: CDVDAudio::Resume - resume audio stream
09:21:07.705 T:140604251432704 DEBUG: CVideoPlayerVideo - CDVDMsg::GENERAL_RESYNC(-223860.140531)
09:21:07.706 T:140604679911168 DEBUG: ActiveAE - start sync of audio stream
09:21:07.706 T:140604251432704 DEBUG: CVideoPlayerVideo::CalcDropRequirement - hurry: 0
09:21:07.714 T:140604312577792 DEBUG: Previous line repeats 1 times.
09:21:07.714 T:140604312577792 NOTICE: VDPAU::COutput registered output surfaces
09:21:07.853 T:140604679911168 NOTICE: Previous line repeats 3 times.
09:21:07.853 T:140604679911168 DEBUG: ActiveAE::SyncStream - average error of 6.531409, start adjusting
09:21:07.854 T:140604679911168 DEBUG: ActiveAE::SyncStream - average error 0.531409 below threshold of 30.000000
09:21:07.973 T:140604251432704 NOTICE: CDVDVideoCodecFFmpeg::CDropControl: calculated diff time: 33333
09:21:08.910 T:140604226254592 DEBUG: CDVDClock::ErrorAdjust - CVideoPlayerAudio::OutputPacket - error:-35910.195395, adjusted:-35910.195395
09:21:11.816 T:140604251432704 DEBUG: CPullupCorrection: detected pattern of length 1: 33347.22, frameduration: 33333.333333
09:21:12.061 T:140604226254592 DEBUG: CVideoPlayerAudio - CDVDMsg::GENERAL_EOF
09:21:12.413 T:140604226254592 NOTICE: CVideoPlayerAudio::Process - stream stalled
09:21:12.481 T:140604234647296 INFO: Process - eof reading from demuxer
09:21:12.481 T:140604234647296 NOTICE: CVideoPlayer::OnExit()
09:21:12.484 T:140604234647296 NOTICE: VideoPlayer: eof, waiting for queues to empty
09:21:12.484 T:140604234647296 NOTICE: Closing stream player 1
09:21:12.484 T:140604234647296 NOTICE: CDVDMessageQueue(audio)::WaitUntilEmpty
09:21:12.484 T:140604226254592 DEBUG: CVideoPlayerAudio - CDVDMsg::GENERAL_SYNCHRONIZE
09:21:12.484 T:140604234647296 NOTICE: Waiting for audio thread to exit
09:21:12.484 T:140604226254592 ERROR: Got MSGQ_ABORT or MSGO_IS_ERROR return true
09:21:12.484 T:140604226254592 NOTICE: thread end: CVideoPlayerAudio::OnExit()
09:21:12.485 T:140604234647296 NOTICE: Closing audio device
09:21:12.485 T:140604226254592 DEBUG: Thread VideoPlayerAudio 140604226254592 terminating
09:21:12.486 T:140604679911168 DEBUG: CActiveAE::DiscardStream - audio stream deleted
09:21:12.486 T:140604679911168 DEBUG: CActiveAE::ClearDiscardedBuffers - buffer pool deleted
09:21:12.486 T:140604234647296 DEBUG: Previous line repeats 1 times.
09:21:12.487 T:140604234647296 NOTICE: Deleting audio codec
09:21:12.487 T:140604234647296 NOTICE: Closing stream player 2
09:21:12.487 T:140604234647296 NOTICE: CDVDMessageQueue(video)::WaitUntilEmpty
09:21:12.543 T:140604234647296 NOTICE: waiting for video thread to exit
09:21:12.544 T:140604251432704 DEBUG: CVideoPlayerVideo - CDVDMsg::GENERAL_SYNCHRONIZE
09:21:12.544 T:140604251432704 NOTICE: thread end: video_thread
09:21:12.544 T:140604234647296 NOTICE: deleting video codec
09:21:12.544 T:140604251432704 DEBUG: Thread VideoPlayerVideo 140604251432704 terminating
09:21:12.545 T:140604234647296 NOTICE: CVDPAU::Release pre-cleanup
09:21:12.550 T:140604281018112 NOTICE: CMixer::OnExit: Output Thread terminated
09:21:12.550 T:140604281018112 DEBUG: Thread Vdpau Mixer 140604281018112 terminating
09:21:12.552 T:140604312577792 DEBUG: VDPAU::PreCleanup - released output surface
09:21:12.559 T:140604234647296 DEBUG: Previous line repeats 1 times.
09:21:12.559 T:140604234647296 DEBUG: CSMBFile::Close closing fd 10000
09:21:12.560 T:140604234647296 DEBUG: OnPlayBackEnded: play state was 2, starting 0
09:21:12.560 T:140604234647296 DEBUG: Thread VideoPlayer 140604234647296 terminating
09:21:12.573 T:140604766656256 DEBUG: GetMovieId (smb://--censored--/VID_--censored--_133700.MOV), query = select idMovie from movie where idFile=493
09:21:12.577 T:140604766656256 DEBUG: CAnnouncementManager - Announcement: OnStop from xbmc
09:21:12.577 T:140604766656256 DEBUG: GOT ANNOUNCEMENT, type: 1, from xbmc, message OnStop
09:21:12.577 T:140604766656256 DEBUG: CAnnouncementManager - Announcement: OnPlay from xbmc
09:21:12.577 T:140604766656256 DEBUG: GOT ANNOUNCEMENT, type: 1, from xbmc, message OnPlay
09:21:12.578 T:140605333829312 DEBUG: Loading the thumb image://video@smb%3a%2f%2f--censored--/VID_--censored--_134733.MOV
09:21:12.578 T:140605333829312 DEBUG: Playing current video slide smb://--censored--/VID_--censored--_134733.MOV
09:21:12.578 T:140605333829312 DEBUG: DoWork - Saving file state for video item smb://--censored--/VID_--censored--_133700.MOV
09:21:12.588 T:140604660340480 DEBUG: Finished background loading slot 1, 25: smb://--censored--/VID_--censored--_134733.MOV
09:21:12.589 T:140605333829312 DEBUG: DoWork - Marking video item smb://--censored--/VID_--censored--_133700.MOV as watched
09:21:12.633 T:140604766656256 DEBUG: CAnnouncementManager - Announcement: OnUpdate from xbmc
09:21:12.634 T:140604766656256 DEBUG: GOT ANNOUNCEMENT, type: 16, from xbmc, message OnUpdate
09:21:12.664 T:140604679911168 DEBUG: CActiveAE::ClearDiscardedBuffers - buffer pool deleted
09:21:12.850 T:140605333829312 DEBUG: Previous line repeats 1 times.
09:21:12.850 T:140605333829312 DEBUG: Loading settings for smb://--censored--/VID_--censored--_134733.MOV
09:21:12.860 T:140605333829312 DEBUG: PlayFile: Ignored 1 playback thread messages
09:21:12.860 T:140605333829312 DEBUG: CPlayerCoreFactory::GetPlayers(smb://--censored--/VID_--censored--_134733.MOV)
09:21:12.860 T:140605333829312 DEBUG: CPlayerSelectionRule::GetPlayers: considering rule: system rules
09:21:12.860 T:140605333829312 DEBUG: CPlayerSelectionRule::GetPlayers: matches rule: system rules
09:21:12.860 T:140605333829312 DEBUG: CPlayerSelectionRule::GetPlayers: considering rule: mms/udp
09:21:12.860 T:140605333829312 DEBUG: CPlayerSelectionRule::GetPlayers: considering rule: lastfm/shout
09:21:12.860 T:140605333829312 DEBUG: CPlayerSelectionRule::GetPlayers: considering rule: rtmp
09:21:12.860 T:140605333829312 DEBUG: CPlayerSelectionRule::GetPlayers: considering rule: rtsp
09:21:12.860 T:140605333829312 DEBUG: CPlayerSelectionRule::GetPlayers: considering rule: streams
09:21:12.861 T:140605333829312 DEBUG: CPlayerSelectionRule::GetPlayers: considering rule: dvd
09:21:12.861 T:140605333829312 DEBUG: CPlayerSelectionRule::GetPlayers: considering rule: dvdimage
09:21:12.861 T:140605333829312 DEBUG: CPlayerSelectionRule::GetPlayers: considering rule: sdp/asf
09:21:12.861 T:140605333829312 DEBUG: CPlayerSelectionRule::GetPlayers: considering rule: nsv
09:21:12.861 T:140605333829312 DEBUG: CPlayerSelectionRule::GetPlayers: considering rule: radio
09:21:12.861 T:140605333829312 DEBUG: CPlayerCoreFactory::GetPlayers: matched 0 rules with players
09:21:12.861 T:140605333829312 DEBUG: CPlayerCoreFactory::GetPlayers: adding videodefaultplayer (VideoPlayer)
09:21:12.861 T:140605333829312 DEBUG: CPlayerCoreFactory::GetPlayers: for video=1, audio=0
09:21:12.861 T:140605333829312 DEBUG: CPlayerCoreFactory::GetPlayers: for video=1, audio=1
09:21:12.861 T:140605333829312 DEBUG: CPlayerCoreFactory::GetPlayers: added 1 players
09:21:12.861 T:140605333829312 NOTICE: CVideoPlayer::CloseFile()
09:21:12.861 T:140605333829312 NOTICE: VideoPlayer: waiting for threads to exit
09:21:12.861 T:140605333829312 NOTICE: VideoPlayer: finished waiting
09:21:12.861 T:140605333829312 DEBUG: DeleteRenderer - deleting renderer
09:21:12.861 T:140605333829312 NOTICE: (VDPAU) Close
09:21:12.861 T:140605333829312 NOTICE: (VDPAU) FiniVDPAUOutput
09:21:12.866 T:140604312577792 NOTICE: VDPAU::COutput: vdpau gl interop finished
09:21:12.876 T:140604312577792 NOTICE: COutput::OnExit: Output Thread terminated
09:21:12.876 T:140604312577792 DEBUG: Thread Vdpau Output 140604312577792 terminating
09:21:12.914 T:140605333829312 DEBUG: CVDPAU::FiniVDPAUOutput destroying 0 video surfaces
09:21:12.914 T:140605333829312 NOTICE: VDPAU::Close - closing decoder context
09:21:12.927 T:140605333829312 DEBUG: LinuxRendererGL: Cleaning up GL resources
09:21:12.927 T:140605333829312 NOTICE: VideoPlayer: Opening: smb://--censored--/VID_--censored--_134733.MOV
09:21:12.927 T:140605333829312 DEBUG: LinuxRendererGL: Cleaning up GL resources
09:21:12.927 T:140605333829312 DEBUG: CLinuxRendererGL::PreInit - precision of luminance 16 is 16
09:21:12.928 T:140604312577792 DEBUG: Thread VideoPlayer start, auto delete: false
09:21:12.928 T:140604312577792 NOTICE: Creating InputStream
09:21:12.947 T:140604312577792 DEBUG: CSMBFile::Open - opened smb://--censored--/VID_--censored--_134733.MOV, fd=10000
09:21:12.949 T:140604312577792 DEBUG: ScanForExternalSubtitles: Searching for subtitles...
09:21:12.958 T:140604312577792 DEBUG: ScanForExternalSubtitles: END (total time: 10 ms)
09:21:12.958 T:140604312577792 NOTICE: Creating Demuxer
09:21:12.983 T:140604312577792 DEBUG: Open - probing detected format [mov,mp4,m4a,3gp,3g2,mj2]
09:21:13.065 T:140604312577792 INFO: ffmpeg[7FE0FE1AE700]: [mov,mp4,m4a,3gp,3g2,mj2] Protocol name not provided, cannot determine if input is local or a network protocol, buffers and access patterns cannot be configured optimally without knowing the protocol
09:21:13.075 T:140604312577792 DEBUG: Open - avformat_find_stream_info starting
09:21:13.151 T:140604312577792 DEBUG: Open - av_find_stream_info finished
09:21:13.151 T:140604312577792 INFO: ffmpeg[7FE0FE1AE700]: Input #0, mov,mp4,m4a,3gp,3g2,mj2, smb://--censored--/VID_--censored--_134733.MO':
09:21:13.151 T:140604312577792 INFO: ffmpeg[7FE0FE1AE700]: Metadata:
09:21:13.151 T:140604312577792 INFO: ffmpeg[7FE0FE1AE700]: major_brand : qt
09:21:13.151 T:140604312577792 INFO: ffmpeg[7FE0FE1AE700]: minor_version : 0
09:21:13.151 T:140604312577792 INFO: ffmpeg[7FE0FE1AE700]: compatible_brands: qt
09:21:13.151 T:140604312577792 INFO: ffmpeg[7FE0FE1AE700]: creation_time : --censored--
17:13:57
09:21:13.151 T:140604312577792 INFO: ffmpeg[7FE0FE1AE700]: com.apple.quicktime.location.ISO6709: +52.1077+016.1128+049.565/
09:21:13.151 T:140604312577792 INFO: ffmpeg[7FE0FE1AE700]: com.apple.quicktime.make: Apple
09:21:13.151 T:140604312577792 INFO: ffmpeg[7FE0FE1AE700]: com.apple.quicktime.model: iPhone 5s
09:21:13.152 T:140604312577792 INFO: ffmpeg[7FE0FE1AE700]: com.apple.quicktime.software: 9.3.1
09:21:13.152 T:140604312577792 INFO: ffmpeg[7FE0FE1AE700]: com.apple.quicktime.creationdate: --censored--T13:47:33+0200
09:21:13.152 T:140604312577792 INFO: ffmpeg[7FE0FE1AE700]: Duration:
00:02:02.03, start: 0.000000, bitrate: 10638 kb/s
09:21:13.152 T:140604312577792 INFO: ffmpeg[7FE0FE1AE700]: Stream #0:0(und): Video: h264 (Baseline) (avc1 / 0x31637661), yuv420p(tv, bt709), 1280x720, 10565 kb/s, 29.99 fps, 29.97 tbr, 600 tbn, 1200 tbc (default)
09:21:13.152 T:140604312577792 INFO: ffmpeg[7FE0FE1AE700]: Metadata:
09:21:13.152 T:140604312577792 INFO: ffmpeg[7FE0FE1AE700]: creation_time : --censored--
17:13:57
09:21:13.152 T:140604312577792 INFO: ffmpeg[7FE0FE1AE700]: handler_name : Core Media Data Handler
09:21:13.152 T:140604312577792 INFO: ffmpeg[7FE0FE1AE700]: encoder : H.264
09:21:13.152 T:140604312577792 INFO: ffmpeg[7FE0FE1AE700]: Stream #0:1(und): Audio: aac (LC) (mp4a / 0x6134706D), 44100 Hz, mono, fltp, 62 kb/s (default)
09:21:13.152 T:140604312577792 INFO: ffmpeg[7FE0FE1AE700]: Metadata:
09:21:13.152 T:140604312577792 INFO: ffmpeg[7FE0FE1AE700]: creation_time : --censored--
17:13:57
09:21:13.152 T:140604312577792 INFO: ffmpeg[7FE0FE1AE700]: handler_name : Core Media Data Handler
09:21:13.153 T:140604312577792 INFO: ffmpeg[7FE0FE1AE700]: Stream #0:2(und): Data: none (mebx / 0x7862656D), 6 kb/s (default)
09:21:13.153 T:140604312577792 INFO: ffmpeg[7FE0FE1AE700]: Metadata:
09:21:13.153 T:140604312577792 INFO: ffmpeg[7FE0FE1AE700]: creation_time : --censored--
17:13:57
09:21:13.153 T:140604312577792 INFO: ffmpeg[7FE0FE1AE700]: handler_name : Core Media Data Handler
09:21:13.153 T:140604312577792 INFO: ffmpeg[7FE0FE1AE700]: Stream #0:3(und): Data: none (mebx / 0x7862656D) (default)
09:21:13.153 T:140604312577792 INFO: ffmpeg[7FE0FE1AE700]: Metadata:
09:21:13.153 T:140604312577792 INFO: ffmpeg[7FE0FE1AE700]: creation_time : --censored--
17:13:57
09:21:13.153 T:140604312577792 INFO: ffmpeg[7FE0FE1AE700]: handler_name : Core Media Data Handler
09:21:13.153 T:140604312577792 DEBUG: CDVDDemuxFFmpeg::AddStream ID: 0
09:21:13.153 T:140604312577792 DEBUG: CDVDDemuxFFmpeg::AddStream ID: 1
09:21:13.153 T:140604312577792 DEBUG: CDVDDemuxFFmpeg::AddStream ID: 2
09:21:13.153 T:140604312577792 DEBUG: CDVDDemuxFFmpeg::AddStream ID: 3
09:21:13.154 T:140604312577792 NOTICE: Opening stream: 0 source: 256
09:21:13.154 T:140604312577792 NOTICE: Creating video codec with codec id: 28
09:21:13.154 T:140604312577792 DEBUG: FactoryCodec - Video: - Opening
09:21:13.154 T:140604312577792 NOTICE: CDVDVideoCodecFFmpeg::Open() Using codec: H.264 / AVC / MPEG-4 AVC / MPEG-4 part 10
09:21:13.154 T:140604312577792 DEBUG: CDVDVideoCodecFFmpeg - Updated codec: ff-h264
09:21:13.154 T:140604312577792 DEBUG: FactoryCodec - Video: ff-h264 - Opened
09:21:13.154 T:140604312577792 DEBUG: CVideoPlayerVideo::OpenStream - open stream with codec id: 28
09:21:13.155 T:140604312577792 NOTICE: Creating video thread
09:21:13.155 T:140604312577792 NOTICE: Opening stream: 1 source: 256
09:21:13.155 T:140604312577792 NOTICE: Finding audio codec for: 86018
09:21:13.155 T:140604312577792 DEBUG: FactoryCodec - Audio: passthrough - Opening
09:21:13.155 T:140604312577792 DEBUG: FactoryCodec - Audio: passthrough - Failed
09:21:13.155 T:140604312577792 DEBUG: FactoryCodec - Audio: FFmpeg - Opening
09:21:13.156 T:140604234647296 DEBUG: Thread VideoPlayerVideo start, auto delete: false
09:21:13.156 T:140604234647296 NOTICE: running thread: video_thread
09:21:13.157 T:140604312577792 DEBUG: FactoryCodec - Audio: FFmpeg - Opened
09:21:13.157 T:140604312577792 NOTICE: Creating audio thread
09:21:13.157 T:140604281018112 DEBUG: Thread VideoPlayerAudio start, auto delete: false
09:21:13.157 T:140604281018112 NOTICE: running thread: CVideoPlayerAudio::Process()
09:21:13.157 T:140604312577792 DEBUG: ReadEditDecisionLists - Checking for edit decision lists (EDL) on local drive or remote share for: smb://--censored--/VID_--censored--_134733.MOV
09:21:13.158 T:140604312577792 DEBUG: OnPlayBackStarted: play state was 1, starting 1
09:21:13.158 T:140604312577792 DEBUG: CVideoPlayer::SetCaching - caching state 2
09:21:13.158 T:140605333829312 DEBUG: PlayFile: OpenFile succeed, play state 2
09:21:13.158 T:140604312577792 DEBUG: CDVDClock::SetSpeedAdjust - adjusted:0.000000
09:21:13.158 T:140605333829312 DEBUG: OnPlayBackStarted: play state was 2, starting 0
09:21:13.160 T:140604234647296 INFO: CVideoPlayerVideo - Stillframe left, switching to normal playback
09:21:13.161 T:140605333829312 DEBUG: CSMBFile::Open - opened smb://--censored--/VID_--censored--_134733.MOV, fd=10001
09:21:13.162 T:140604234647296 NOTICE: CDVDVideoCodecFFmpeg::GetFormat - Creating VDPAU(1280x720)
09:21:13.167 T:140604281018112 DEBUG: CDVDAudio::Pause - pausing audio stream
09:21:13.168 T:140604281018112 NOTICE: Creating audio stream (codec id: 86018, channels: 1, sample rate: 44100, no pass-through)
09:21:13.168 T:140604281018112 DEBUG: CVideoPlayerAudio:: synctype set to 0: clock feedback
09:21:13.186 T:140605333829312 DEBUG: CSMBFile::Close closing fd 10001
09:21:13.189 T:140605333829312 INFO: msg: JpgParse: Not a JPEG file smb://--censored--/VID_--censored--_134733.MOV
09:21:13.190 T:140604234647296 NOTICE: VDPAU::CreateContext - creating decoder context
09:21:13.223 T:140604671518464 INFO: CActiveAESink::OpenSink - initialize sink
09:21:13.236 T:140604234647296 NOTICE: vdp_device = 0x00000001 vdp_st = 0x00000000
09:21:13.236 T:140604234647296 NOTICE: VDPAU Decoder capabilities:
09:21:13.236 T:140604234647296 NOTICE: name level macbs width height
09:21:13.236 T:140604234647296 NOTICE: ------------------------------------
09:21:13.236 T:140604234647296 NOTICE: MPEG1 0 8192 2048 2048
09:21:13.236 T:140604234647296 NOTICE: MPEG2_SIMPLE 3 8192 2048 2048
09:21:13.237 T:140604234647296 NOTICE: MPEG2_MAIN 3 8192 2048 2048
09:21:13.237 T:140604234647296 NOTICE: H264_MAIN 41 8192 2048 2048
09:21:13.237 T:140604234647296 NOTICE: H264_HIGH 41 8192 2048 2048
09:21:13.237 T:140604234647296 NOTICE: VC1_SIMPLE 1 8190 2048 2048
09:21:13.237 T:140604234647296 NOTICE: VC1_MAIN 2 8190 2048 2048
09:21:13.237 T:140604234647296 NOTICE: VC1_ADVANCED 4 8190 2048 2048
09:21:13.237 T:140604234647296 NOTICE: MPEG4_PART2_ASP 5 8192 2048 2048
09:21:13.237 T:140604234647296 NOTICE: ------------------------------------
09:21:13.237 T:140604234647296 NOTICE: Mixer feature: VDP_VIDEO_MIXER_FEATURE_NOISE_REDUCTION
09:21:13.237 T:140604234647296 NOTICE: Mixer feature: VDP_VIDEO_MIXER_FEATURE_SHARPNESS
09:21:13.237 T:140604234647296 NOTICE: Mixer feature: VDP_VIDEO_MIXER_FEATURE_DEINTERLACE_TEMPORAL
09:21:13.237 T:140604234647296 NOTICE: Mixer feature: VDP_VIDEO_MIXER_FEATURE_DEINTERLACE_TEMPORAL_SPATIAL
09:21:13.237 T:140604234647296 NOTICE: Mixer feature: VDP_VIDEO_MIXER_FEATURE_INVERSE_TELECINE
09:21:13.237 T:140604234647296 NOTICE: Mixer feature: VDP_VIDEO_MIXER_FEATURE_HIGH_QUALITY_SCALING_L1
09:21:13.285 T:140604329363200 DEBUG: CGUIInfoManager::SetCurrentMovie(smb://--censored--/VID_--censored--_134733.MOV)
09:21:13.285 T:140604766656256 DEBUG: CAnnouncementManager - Announcement: OnPlay from xbmc
09:21:13.285 T:140604766656256 DEBUG: GOT ANNOUNCEMENT, type: 1, from xbmc, message OnPlay
09:21:13.286 T:140604320970496 DEBUG: DoWork - Saving file state for video item smb://--censored--/VID_--censored--_133700.MOV
09:21:13.308 T:140604320970496 DEBUG: DoWork - Marking video item smb://--censored--/VID_--censored--_133700.MOV as watched
09:21:13.346 T:140604234647296 DEBUG: CDVDVideoCodecFFmpeg - Updated codec: ff-h264-vdpau
09:21:13.349 T:140604234647296 DEBUG: CVDPAU::SetWidthHeight Setting OutWidth: 1280 OutHeight: 720
09:21:13.349 T:140604234647296 NOTICE: (VDPAU) screenWidth:1280 vidWidth:1280 surfaceWidth:1280
09:21:13.349 T:140604234647296 NOTICE: (VDPAU) screenHeight:720 vidHeight:720 surfaceHeight:720
09:21:13.410 T:140604671518464 DEBUG: CActiveAESink::OpenSink - trying to open device PULSE:Default
09:21:13.422 T:140604299634432 DEBUG: Thread Vdpau Output start, auto delete: false
09:21:13.422 T:140604671518464 DEBUG: PulseAudio: Context authorizing
09:21:13.423 T:140604299634432 NOTICE: COutput::OnStartup: Output Thread created
09:21:13.425 T:140604671518464 DEBUG: PulseAudio: Context setting name
09:21:13.427 T:140604671518464 DEBUG: PulseAudio: Context ready
09:21:13.427 T:140604671518464 DEBUG: PULSE does not support format: AE_FMT_FLOATP - will fallback to AE_FMT_FLOAT
09:21:13.430 T:140604671518464 DEBUG: PulseAudio: Stream ready
09:21:13.431 T:140604671518464 NOTICE: PulseAudio: Opened device Default in pcm mode with Buffersize 150 ms
09:21:13.433 T:140604671518464 DEBUG: CActiveAESink::OpenSink - PULSE Initialized:
09:21:13.433 T:140604671518464 DEBUG: Output Device : Default
09:21:13.433 T:140604671518464 DEBUG: Sample Rate : 44100
09:21:13.433 T:140604671518464 DEBUG: Sample Format : AE_FMT_FLOAT
09:21:13.433 T:140604671518464 DEBUG: Channel Count : 2
09:21:13.433 T:140604671518464 DEBUG: Channel Layout: FL,FR
09:21:13.433 T:140604671518464 DEBUG: Frames : 2205
09:21:13.433 T:140604671518464 DEBUG: Frame Size : 8
09:21:13.437 T:140604679911168 DEBUG: CActiveAE::ClearDiscardedBuffers - buffer pool deleted
09:21:13.445 T:140604312577792 DEBUG: CVideoPlayer::HandleMessages - player started 1
09:21:13.502 T:140604766656256 DEBUG: CAnnouncementManager - Announcement: OnUpdate from xbmc
09:21:13.502 T:140604766656256 DEBUG: GOT ANNOUNCEMENT, type: 16, from xbmc, message OnUpdate
09:21:13.502 T:140604299634432 NOTICE: VDPAU::COutput::CreateGlxContext - created context
09:21:13.504 T:140604299634432 NOTICE: VDPAU::COutput: vdpau gl interop initialized
09:21:13.504 T:140604243040000 DEBUG: Thread Vdpau Mixer start, auto delete: false
09:21:13.504 T:140604243040000 NOTICE: CMixer::OnStartup: Output Thread created
09:21:13.504 T:140604243040000 NOTICE: (VDPAU) Creating the video mixer
09:21:13.513 T:140604299634432 NOTICE: VDPAU::COutput::InitBufferPool - Output Surface created
09:21:13.559 T:140604299634432 NOTICE: Previous line repeats 6 times.
09:21:13.559 T:140604299634432 NOTICE: VDPAU::COutput registered output surfaces
09:21:13.584 T:140604234647296 NOTICE: Previous line repeats 3 times.
09:21:13.584 T:140604234647296 DEBUG: CRenderManager::Configure - change configuration. 1280x720. display: 1280x720. framerate: 29.97. format: VDPAU
09:21:13.587 T:140604299634432 NOTICE: VDPAU::COutput registered output surfaces
09:21:13.587 T:140605333829312 DEBUG: DeleteRenderer - deleting renderer
09:21:13.587 T:140605333829312 DEBUG: LinuxRendererGL: Cleaning up GL resources
09:21:13.588 T:140605333829312 DEBUG: Previous line repeats 1 times.
09:21:13.588 T:140605333829312 DEBUG: CLinuxRendererGL::PreInit - precision of luminance 16 is 16
09:21:13.588 T:140605333829312 NOTICE: GL: Using VDPAU render method
09:21:13.588 T:140605333829312 NOTICE: GL: NPOT texture support detected
09:21:13.588 T:140605333829312 NOTICE: GL: Using GL_ARB_pixel_buffer_object
09:21:13.588 T:140605333829312 NOTICE: Using GL_TEXTURE_2D
09:21:13.588 T:140605333829312 DEBUG: CRenderManager::Configure - 5
09:21:13.588 T:140604234647296 DEBUG: CPullupCorrection: pattern lost on diff -4770000.000000, number of losses 1
09:21:13.589 T:140604312577792 DEBUG: CVideoPlayer::HandleMessages - player started 2
09:21:13.589 T:140604299634432 NOTICE: VDPAU::COutput registered output surfaces
09:21:13.590 T:140604312577792 DEBUG: CVideoPlayer::SetCaching - caching state 3
09:21:13.590 T:140604312577792 DEBUG: CDVDClock::SetSpeedAdjust - adjusted:0.000000
09:21:13.590 T:140604312577792 DEBUG: CVideoPlayer::SetCaching - caching state 0
09:21:13.590 T:140604312577792 DEBUG: CDVDClock::SetSpeedAdjust - adjusted:0.000000
09:21:13.590 T:140604312577792 DEBUG: VideoPlayer::Sync - Audio - pts: 255419.000000, cache: 278639.465570, totalcache: 550000.011921
09:21:13.590 T:140604312577792 DEBUG: VideoPlayer::Sync - Video - pts: 0.000000, cache: 50000.000000, totalcache: 100000.000000
09:21:13.591 T:140604281018112 DEBUG: CVideoPlayerAudio - CDVDMsg::GENERAL_RESYNC(-100000.000000)
09:21:13.591 T:140604281018112 DEBUG: CDVDAudio::Resume - resume audio stream
09:21:13.591 T:140604679911168 DEBUG: ActiveAE - start sync of audio stream
09:21:13.593 T:140604234647296 DEBUG: CVideoPlayerVideo - CDVDMsg::GENERAL_RESYNC(-100000.000000)
09:21:13.594 T:140604234647296 DEBUG: CVideoPlayerVideo::CalcDropRequirement - hurry: 0
09:21:13.597 T:140604299634432 DEBUG: Previous line repeats 1 times.
09:21:13.597 T:140604299634432 NOTICE: VDPAU::COutput registered output surfaces
09:21:13.597 T:140604234647296 DEBUG: CVideoPlayerVideo::CalcDropRequirement - hurry: 0
09:21:13.625 T:140604329363200 DEBUG: GetMovieId (smb://--censored--/VID_--censored--_134733.MOV), query = select idMovie from movie where idFile=504
09:21:13.627 T:140605333829312 DEBUG: GL: Vertex Shader compilation log:
09:21:13.627 T:140605333829312 DEBUG: GL: Vertex Shader compiled successfully
09:21:13.627 T:140605333829312 DEBUG: GL: Pixel Shader compilation log:
09:21:13.627 T:140605333829312 DEBUG: GL: Fragment Shader compiled successfully
09:21:13.717 T:140604679911168 DEBUG: ActiveAE::SyncStream - average error of -94.916588, start adjusting
09:21:13.717 T:140604679911168 DEBUG: ActiveAE::SyncStream - average error -0.916588 below threshold of 30.000000
09:21:13.771 T:140604234647296 NOTICE: CDVDVideoCodecFFmpeg::CDropControl: calculated diff time: 33333
09:21:14.275 T:140603578521344 DEBUG: RunQuery took 2 ms for 2 items query: select * from movie_view WHERE (movie_view.idFile IN (SELECT DISTINCT idFile FROM bookmark WHERE type = 1))
09:21:14.320 T:140603578521344 DEBUG: RunQuery took 9 ms for 112 items query: select * from movie_view WHERE ((movie_view.playCount IS NULL OR movie_view.playCount < 1))
09:21:14.774 T:140604281018112 DEBUG: CDVDClock::ErrorAdjust - CVideoPlayerAudio::OutputPacket - error:-27183.156951, adjusted:-27183.156951
09:21:14.775 T:140605333829312 DEBUG: Keyboard: scancode: 0xb3, sym: 0x1008ff81, unicode: 0x0000, modifier: 0x0
09:21:14.775 T:140605333829312 DEBUG: GetActionCode: Trying Hardy keycode for 0xf200
09:21:14.775 T:140605333829312 DEBUG: Previous line repeats 1 times.
09:21:14.775 T:140605333829312 DEBUG: OnKey: 0 (0xf200, obc-61697) pressed, action is stop
09:21:14.776 T:140605333829312 NOTICE: CVideoPlayer::CloseFile()
09:21:14.776 T:140605333829312 NOTICE: VideoPlayer: waiting for threads to exit
09:21:14.776 T:140604766656256 DEBUG: CAnnouncementManager - Announcement: OnStop from xbmc
09:21:14.776 T:140604766656256 DEBUG: GOT ANNOUNCEMENT, type: 1, from xbmc, message OnStop
09:21:14.780 T:140604312577792 NOTICE: CVideoPlayer::OnExit()
09:21:14.780 T:140604312577792 NOTICE: Closing stream player 1
09:21:14.780 T:140604312577792 NOTICE: Waiting for audio thread to exit
09:21:14.803 T:140604281018112 NOTICE: thread end: CVideoPlayerAudio::OnExit()
09:21:14.803 T:140604312577792 NOTICE: Closing audio device
09:21:14.803 T:140604281018112 DEBUG: Thread VideoPlayerAudio 140604281018112 terminating
09:21:14.864 T:140604312577792 DEBUG: CDVDAudio::Flush - flush audio stream
09:21:14.864 T:140604679911168 DEBUG: CActiveAE::DiscardStream - audio stream deleted
09:21:14.864 T:140604679911168 DEBUG: CActiveAE::ClearDiscardedBuffers - buffer pool deleted
09:21:14.865 T:140604312577792 DEBUG: Previous line repeats 3 times.
09:21:14.865 T:140604312577792 NOTICE: Deleting audio codec
09:21:14.865 T:140604312577792 NOTICE: Closing stream player 2
09:21:14.865 T:140604312577792 NOTICE: waiting for video thread to exit
09:21:14.872 T:140604234647296 NOTICE: thread end: video_thread
09:21:14.872 T:140604234647296 DEBUG: Thread VideoPlayerVideo 140604234647296 terminating
09:21:14.875 T:140604312577792 NOTICE: deleting video codec
09:21:14.876 T:140604312577792 NOTICE: CVDPAU::Release pre-cleanup
09:21:14.881 T:140604243040000 NOTICE: CMixer::OnExit: Output Thread terminated
09:21:14.881 T:140604243040000 DEBUG: Thread Vdpau Mixer 140604243040000 terminating
09:21:14.883 T:140604299634432 DEBUG: VDPAU::PreCleanup - released output surface
09:21:14.885 T:140604312577792 DEBUG: CSMBFile::Close closing fd 10000
09:21:14.886 T:140604312577792 DEBUG: OnPlayBackStopped: play state was 2, starting 0
09:21:14.887 T:140604312577792 DEBUG: Thread VideoPlayer 140604312577792 terminating
09:21:14.887 T:140605333829312 NOTICE: VideoPlayer: finished waiting
09:21:14.887 T:140605333829312 DEBUG: DeleteRenderer - deleting renderer
09:21:14.887 T:140605333829312 NOTICE: (VDPAU) Close
09:21:14.887 T:140605333829312 NOTICE: (VDPAU) FiniVDPAUOutput
09:21:14.893 T:140604299634432 NOTICE: VDPAU::COutput: vdpau gl interop finished
09:21:14.897 T:140604766656256 DEBUG: GetMovieId (smb://--censored--/VID_--censored--_134733.MOV), query = select idMovie from movie where idFile=504
09:21:14.901 T:140604766656256 DEBUG: CAnnouncementManager - Announcement: OnStop from xbmc
09:21:14.902 T:140604766656256 DEBUG: GOT ANNOUNCEMENT, type: 1, from xbmc, message OnStop
09:21:14.904 T:140604299634432 NOTICE: COutput::OnExit: Output Thread terminated
09:21:14.905 T:140604299634432 DEBUG: Thread Vdpau Output 140604299634432 terminating
09:21:14.941 T:140605333829312 DEBUG: CVDPAU::FiniVDPAUOutput destroying 0 video surfaces
09:21:14.941 T:140605333829312 NOTICE: VDPAU::Close - closing decoder context
09:21:14.955 T:140605333829312 DEBUG: LinuxRendererGL: Cleaning up GL resources
09:21:14.956 T:140605333829312 DEBUG: ------ Window Deinit (SlideShow.xml) ------
09:21:14.956 T:140605333829312 DEBUG: Waiting for BackgroundLoader thread to close
09:21:14.956 T:140605333829312 DEBUG: Stopping BackgroundLoader thread
09:21:14.956 T:140604660340480 DEBUG: Time for loading 4 images: 35 ms, average 8 ms
09:21:14.956 T:140604660340480 DEBUG: Thread BgPicLoader 140604660340480 terminating
09:21:14.956 T:140605333829312 DEBUG: Keyboard: scancode: 0xb3, sym: 0x1008ff81, unicode: 0x0000, modifier: 0x0
09:21:14.984 T:140605333829312 DEBUG: Keyboard: scancode: 0x87, sym: 0x013f, unicode: 0x0000, modifier: 0x0
09:21:15.008 T:140605333829312 NOTICE: CVideoPlayer::CloseFile()
09:21:15.009 T:140605333829312 NOTICE: VideoPlayer: waiting for threads to exit
09:21:15.009 T:140605333829312 NOTICE: VideoPlayer: finished waiting
09:21:15.009 T:140605333829312 NOTICE: CVideoPlayer::CloseFile()
09:21:15.009 T:140605333829312 NOTICE: VideoPlayer: waiting for threads to exit
09:21:15.009 T:140605333829312 NOTICE: VideoPlayer: finished waiting
09:21:15.014 T:140605333829312 DEBUG: Radio UECP (RDS) Processor - delete ~CDVDRadioRDSData
09:21:15.014 T:140604329363200 DEBUG: DoWork - Saving file state for video item smb://--censored--/VID_--censored--_134733.MOV
09:21:21.191 T:140605333829312 DEBUG: Keyboard: scancode: 0x16, sym: 0x0008, unicode: 0x0008, modifier: 0x0
09:21:21.307 T:140605333829312 DEBUG: OnKey: backspace (0xf008) pressed, action is Back
09:21:21.307 T:140605333829312 DEBUG: CGUIMediaWindow::GetDirectory (smb://--censored--/)
09:21:21.308 T:140605333829312 DEBUG: ParentPath = [smb://--censored--/]
09:21:21.351 T:140604660340480 DEBUG: Thread BackgroundLoader start, auto delete: false
09:21:21.355 T:140605333829312 DEBUG: Keyboard: scancode: 0x16, sym: 0x0008, unicode: 0x0000, modifier: 0x0
09:21:21.373 T:140605333829312 DEBUG: Keyboard: scancode: 0x16, sym: 0x0008, unicode: 0x0008, modifier: 0x0
09:21:21.486 T:140605333829312 DEBUG: OnKey: backspace (0xf008) pressed, action is Back
09:21:21.497 T:140604660340480 DEBUG: Thread BackgroundLoader 140604660340480 terminating
09:21:21.497 T:140605333829312 DEBUG: CGUIMediaWindow::GetDirectory (smb://--censored--/)
09:21:21.497 T:140605333829312 DEBUG: ParentPath = []
09:21:21.498 T:140605333829312 DEBUG: Loading items: 6, directory: smb://--censored--/ sort method: 0, ascending: true
09:21:21.504 T:140604660340480 DEBUG: Thread BackgroundLoader start, auto delete: false
09:21:21.508 T:140605333829312 DEBUG: Keyboard: scancode: 0x16, sym: 0x0008, unicode: 0x0000, modifier: 0x0
09:21:21.570 T:140605333829312 DEBUG: Keyboard: scancode: 0x16, sym: 0x0008, unicode: 0x0008, modifier: 0x0
09:21:21.665 T:140604660340480 DEBUG: Thread BackgroundLoader 140604660340480 terminating
09:21:21.720 T:140605333829312 DEBUG: OnKey: backspace (0xf008) pressed, action is Back
09:21:21.720 T:140605333829312 DEBUG: CGUIWindowManager::PreviousWindow: Deactivate
09:21:22.271 T:140605333829312 DEBUG: ------ Window Deinit (MyPics.xml) ------
09:21:22.279 T:140605333829312 DEBUG: CGUIWindowManager::PreviousWindow: Activate new
09:21:22.280 T:140605333829312 DEBUG: ------ Window Init (Home.xml) ------
09:21:22.280 T:140605333829312 DEBUG: CSettingsManager: requested setting (gamesgeneral.enable) was not found.
09:21:22.281 T:140605333829312 DEBUG: CDirectoryProvider[special://skin/extras/playlists/recentmovies.xsp]: refreshing..
09:21:22.281 T:140605333829312 DEBUG: CDirectoryProvider[special://skin/extras/playlists/recommendedmovies.xsp]: refreshing..
09:21:22.281 T:140605333829312 DEBUG: CDirectoryProvider[plugin://service.library.data.provider?type=randommovies&reload=20170624063716]: refreshing..
09:21:22.281 T:140604660340480 DEBUG: Thread JobWorker start, auto delete: true
09:21:22.282 T:140605333829312 DEBUG: CDirectoryProvider[special://skin/extras/playlists/recentmovies.xsp]: refreshing..
09:21:22.284 T:140604660340480 DEBUG: StartScript - calling plugin Library Data Provider('plugin://service.library.data.provider/','22','?type=randommovies&reload=20170624063716')
09:21:22.284 T:140604299634432 DEBUG: Thread LanguageInvoker start, auto delete: false
09:21:22.285 T:140604299634432 INFO: initializing python engine.
09:21:22.285 T:140604299634432 DEBUG: CPythonInvoker(51, /home/user/.kodi/addons/service.library.data.provider/plugin.py): start processing
09:21:22.288 T:140605333829312 DEBUG: Keyboard: scancode: 0x16, sym: 0x0008, unicode: 0x0000, modifier: 0x0
09:21:22.289 T:140604312577792 DEBUG: Thread LanguageInvoker start, auto delete: false
09:21:22.289 T:140604312577792 INFO: initializing python engine.
09:21:22.289 T:140604312577792 DEBUG: CPythonInvoker(52, /home/user/.kodi/addons/script.skinshortcuts/default.py): start processing
09:21:22.291 T:140604243040000 DEBUG: Thread JobWorker start, auto delete: true
09:21:22.327 T:140604320970496 DEBUG: RunQuery took 7 ms for 2 items query: select * from movie_view WHERE (movie_view.idFile IN (SELECT DISTINCT idFile FROM bookmark WHERE type = 1))
09:21:22.350 T:140604329363200 DEBUG: RunQuery took 34 ms for 112 items query: select * from movie_view WHERE ((movie_view.playCount IS NULL OR movie_view.playCount = 0))
09:21:22.407 T:140604299634432 DEBUG: -->Python Interpreter Initialized<--
09:21:22.408 T:140604299634432 DEBUG: CPythonInvoker(51, /home/user/.kodi/addons/service.library.data.provider/plugin.py): the source file to load is "/home/user/.kodi/addons/service.library.data.provider/plugin.py"
09:21:22.409 T:140604312577792 DEBUG: -->Python Interpreter Initialized<--
09:21:22.409 T:140604312577792 DEBUG: CPythonInvoker(52, /home/user/.kodi/addons/script.skinshortcuts/default.py): the source file to load is "/home/user/.kodi/addons/script.skinshortcuts/default.py"
09:21:22.410 T:140604299634432 DEBUG: CPythonInvoker(51, /home/user/.kodi/addons/service.library.data.provider/plugin.py): setting the Python path to /home/user/.kodi/addons/service.library.data.provider:/home/user/.kodi/addons/script.module.routing/lib:/home/user/.kodi/addons/script.module.simplejson/lib:/usr/lib/python27.zip:/usr/lib64/python2.7:/usr/lib64/python2.7/plat-linux2:/usr/lib64/python2.7/lib-tk:/usr/lib64/python2.7/lib-old:/usr/lib64/python2.7/lib-dynload:/usr/lib64/python2.7/site-packages:/usr/lib/python2.7/site-packages
09:21:22.410 T:140604299634432 DEBUG: CPythonInvoker(51, /home/user/.kodi/addons/service.library.data.provider/plugin.py): entering source directory /home/user/.kodi/addons/service.library.data.provider
09:21:22.411 T:140604312577792 DEBUG: CPythonInvoker(52, /home/user/.kodi/addons/script.skinshortcuts/default.py): setting the Python path to /home/user/.kodi/addons/script.skinshortcuts:/home/user/.kodi/addons/script.module.simplejson/lib:/home/user/.kodi/addons/script.module.unidecode/lib:/usr/lib/python27.zip:/usr/lib64/python2.7:/usr/lib64/python2.7/plat-linux2:/usr/lib64/python2.7/lib-tk:/usr/lib64/python2.7/lib-old:/usr/lib64/python2.7/lib-dynload:/usr/lib64/python2.7/site-packages:/usr/lib/python2.7/site-packages
09:21:22.411 T:140604312577792 DEBUG: CPythonInvoker(52, /home/user/.kodi/addons/script.skinshortcuts/default.py): entering source directory /home/user/.kodi/addons/script.skinshortcuts
09:21:22.412 T:140604299634432 DEBUG: CPythonInvoker(51, /home/user/.kodi/addons/service.library.data.provider/plugin.py): instantiating addon using automatically obtained id of "service.library.data.provider" dependent on version 2.25.0 of the xbmc.python api
09:21:22.460 T:140604243040000 DEBUG: DoWork - took 168 ms to load special://masterprofile/Thumbnails/5/59be4c2f.jpg
09:21:22.467 T:140604312577792 DEBUG: CPythonInvoker(52, /home/user/.kodi/addons/script.skinshortcuts/default.py): instantiating addon using automatically obtained id of "script.skinshortcuts" dependent on version 2.20.0 of the xbmc.python api
09:21:22.493 T:140604243040000 DEBUG: RunQuery took 15 ms for 112 items query: select * from movie_view WHERE ((movie_view.playCount IS NULL OR movie_view.playCount = 0))
09:21:22.623 T:140604299634432 DEBUG: Library Data Provider: script version 0.3.0 started
09:21:22.751 T:140604299634432 DEBUG: Library Data Provider: script version 0.3.0 stopped
09:21:22.752 T:140604299634432 INFO: CPythonInvoker(51, /home/user/.kodi/addons/service.library.data.provider/plugin.py): script successfully run
09:21:22.884 T:140605333829312 DEBUG: Keyboard: scancode: 0x72, sym: 0x0113, unicode: 0x0000, modifier: 0x0
09:21:22.885 T:140605333829312 DEBUG: OnKey: right (0xf083) pressed, action is Right
09:21:22.973 T:140604299634432 INFO: Python script stopped
09:21:22.974 T:140604299634432 DEBUG: Thread LanguageInvoker 140604299634432 terminating
09:21:23.033 T:140605333829312 DEBUG: Keyboard: scancode: 0x72, sym: 0x0113, unicode: 0x0000, modifier: 0x0
09:21:23.116 T:140605333829312 DEBUG: Previous line repeats 1 times.
09:21:23.116 T:140605333829312 DEBUG: OnKey: right (0xf083) pressed, action is Right
09:21:23.159 T:140604312577792 INFO: CPythonInvoker(52, /home/user/.kodi/addons/script.skinshortcuts/default.py): script successfully run
09:21:23.247 T:140604312577792 INFO: Python script stopped
09:21:23.248 T:140604312577792 DEBUG: Thread LanguageInvoker 140604312577792 terminating
09:21:23.261 T:140605333829312 DEBUG: Keyboard: scancode: 0x72, sym: 0x0113, unicode: 0x0000, modifier: 0x0
09:21:23.402 T:140605333829312 DEBUG: Previous line repeats 1 times.
09:21:23.402 T:140605333829312 DEBUG: OnKey: right (0xf083) pressed, action is Right
09:21:23.520 T:140604243040000 DEBUG: DoWork - took 116 ms to load special://masterprofile/Thumbnails/4/40cef1f1.jpg
09:21:23.531 T:140605333829312 DEBUG: Keyboard: scancode: 0x72, sym: 0x0113, unicode: 0x0000, modifier: 0x0
09:21:23.931 T:140605333829312 DEBUG: Previous line repeats 1 times.
09:21:23.931 T:140605333829312 DEBUG: OnKey: right (0xf083) pressed, action is Right
09:21:24.114 T:140605333829312 DEBUG: Keyboard: scancode: 0x72, sym: 0x0113, unicode: 0x0000, modifier: 0x0
09:21:24.216 T:140605333829312 DEBUG: Previous line repeats 1 times.
09:21:24.216 T:140605333829312 DEBUG: OnKey: right (0xf083) pressed, action is Right
09:21:24.405 T:140605333829312 DEBUG: Keyboard: scancode: 0x72, sym: 0x0113, unicode: 0x0000, modifier: 0x0
09:21:24.583 T:140605333829312 DEBUG: Previous line repeats 1 times.
09:21:24.583 T:140605333829312 DEBUG: OnKey: right (0xf083) pressed, action is Right
09:21:24.748 T:140605333829312 DEBUG: Keyboard: scancode: 0x72, sym: 0x0113, unicode: 0x0000, modifier: 0x0
09:21:25.147 T:140605333829312 DEBUG: Keyboard: scancode: 0x74, sym: 0x0112, unicode: 0x0000, modifier: 0x0
09:21:25.148 T:140605333829312 DEBUG: OnKey: down (0xf081) pressed, action is Down
09:21:25.280 T:140605333829312 DEBUG: Keyboard: scancode: 0x74, sym: 0x0112, unicode: 0x0000, modifier: 0x0
09:21:28.597 T:140605333829312 DEBUG: Keyboard: scancode: 0x24, sym: 0x000d, unicode: 0x000d, modifier: 0x0
09:21:28.764 T:140605333829312 DEBUG: OnKey: return (0xf00d) pressed, action is select
09:21:28.764 T:140605333829312 DEBUG: Activating window ID: 10004
09:21:29.234 T:140605333829312 DEBUG: ------ Window Deinit (Home.xml) ------
09:21:29.247 T:140605333829312 DEBUG: ------ Window Init (Settings.xml) ------
09:21:29.248 T:140605333829312 DEBUG: CSettingsManager: requested setting (gamesgeneral.enable) was not found.
09:21:29.249 T:140605333829312 DEBUG: Keyboard: scancode: 0x24, sym: 0x000d, unicode: 0x0000, modifier: 0x0
09:21:29.256 T:140605333829312 DEBUG: CSettingsManager: requested setting (gamesgeneral.enable) was not found.
09:21:29.368 T:140604320970496 DEBUG: Previous line repeats 6 times.
09:21:29.368 T:140604320970496 DEBUG: DoWork - took 106 ms to load special://skin/backgrounds/default_settings.jpg
09:21:29.402 T:140605333829312 DEBUG: CSettingsManager: requested setting (gamesgeneral.enable) was not found.
09:21:31.491 T:140603578521344 DEBUG: Previous line repeats 90 times.
09:21:31.491 T:140603578521344 DEBUG: RunQuery took 9 ms for 112 items query: select * from movie_view WHERE ((movie_view.playCount IS NULL OR movie_view.playCount < 1))
09:21:31.503 T:140605333829312 DEBUG: CSettingsManager: requested setting (gamesgeneral.enable) was not found.
09:21:31.636 T:140603578521344 DEBUG: Previous line repeats 7 times.
09:21:31.636 T:140603578521344 DEBUG: RunQuery took 1 ms for 0 items query: select * from episode_view WHERE ((episode_view.playCount IS NULL OR episode_view.playCount < 1))
09:21:31.644 T:140603578521344 DEBUG: GetSongsFullByWhere query = SELECT sv.*, songartistview.* FROM (SELECT songview.* FROM songview WHERE ((CAST(songview.iTimesPlayed as DECIMAL(5,1)) < 1)) ORDER BY RANDOM() LIMIT 20) AS sv JOIN songartistview ON songartistview.idsong = sv.idsong ORDER BY songartistview.idsong, songartistview.idRole, songartistview.iOrder
09:21:31.650 T:140603578521344 DEBUG: GetSongsFullByWhere() - took 7 ms
09:21:31.653 T:140605333829312 DEBUG: CSettingsManager: requested setting (gamesgeneral.enable) was not found.
09:21:31.701 T:140603578521344 DEBUG: Previous line repeats 1 times.
09:21:31.701 T:140603578521344 DEBUG: GetAlbumsByWhere query: SELECT albumview.*, albumartistview.* FROM albumview JOIN albumartistview ON albumartistview.idalbum = albumview.idalbum WHERE albumview.strReleaseType = 'album'
09:21:31.703 T:140603578521344 DEBUG: GetAlbumsByWhere - query took 2 ms
09:21:31.736 T:140605333829312 DEBUG: CSettingsManager: requested setting (gamesgeneral.enable) was not found.
09:21:31.755 T:140603578521344 DEBUG: Previous line repeats 2 times.
09:21:31.755 T:140603578521344 DEBUG: RunQuery took 1 ms for 0 items query: select * from musicvideo_view WHERE ((musicvideo_view.playCount IS NULL OR musicvideo_view.playCount < 1))
09:21:31.769 T:140605333829312 DEBUG: CSettingsManager: requested setting (gamesgeneral.enable) was not found.
09:21:33.277 T:140605333829312 DEBUG: Previous line repeats 47 times.
09:21:33.277 T:140605333829312 DEBUG: Keyboard: scancode: 0x24, sym: 0x000d, unicode: 0x000d, modifier: 0x0
09:21:33.278 T:140605333829312 DEBUG: CSettingsManager: requested setting (gamesgeneral.enable) was not found.
09:21:33.444 T:140605333829312 DEBUG: Previous line repeats 3 times.
09:21:33.444 T:140605333829312 DEBUG: OnKey: return (0xf00d) pressed, action is select
09:21:33.444 T:140605333829312 DEBUG: Activating window ID: 10016
09:21:33.445 T:140605333829312 DEBUG: CSettingsManager: requested setting (gamesgeneral.enable) was not found.
09:21:33.760 T:140605333829312 DEBUG: Previous line repeats 19 times.
09:21:33.760 T:140605333829312 DEBUG: ------ Window Deinit (Settings.xml) ------
09:21:33.769 T:140605333829312 DEBUG: ------ Window Init (SettingsCategory.xml) ------
09:21:33.988 T:140605333829312 DEBUG: Keyboard: scancode: 0x24, sym: 0x000d, unicode: 0x0000, modifier: 0x0
09:21:34.763 T:140605333829312 DEBUG: Keyboard: scancode: 0x6f, sym: 0x0111, unicode: 0x0000, modifier: 0x0
09:21:34.763 T:140605333829312 DEBUG: OnKey: up (0xf080) pressed, action is Up
09:21:34.884 T:140605333829312 DEBUG: Keyboard: scancode: 0x6f, sym: 0x0111, unicode: 0x0000, modifier: 0x0
09:21:35.094 T:140605333829312 DEBUG: Keyboard: scancode: 0x24, sym: 0x000d, unicode: 0x000d, modifier: 0x0
09:21:35.219 T:140605333829312 DEBUG: OnKey: return (0xf00d) pressed, action is select
09:21:35.219 T:140605333829312 DEBUG: Keyboard: scancode: 0x24, sym: 0x000d, unicode: 0x0000, modifier: 0x0
09:21:35.986 T:140605333829312 DEBUG: Keyboard: scancode: 0x72, sym: 0x0113, unicode: 0x0000, modifier: 0x0
09:21:35.986 T:140605333829312 DEBUG: OnKey: right (0xf083) pressed, action is Right
09:21:36.118 T:140605333829312 DEBUG: Keyboard: scancode: 0x72, sym: 0x0113, unicode: 0x0000, modifier: 0x0
09:21:36.501 T:140605333829312 DEBUG: Keyboard: scancode: 0x24, sym: 0x000d, unicode: 0x000d, modifier: 0x0
09:21:36.651 T:140605333829312 DEBUG: OnKey: return (0xf00d) pressed, action is select
09:21:36.651 T:140605333829312 NOTICE: Disabled debug logging due to GUI setting. Level 0.
09:21:36.651 T:140605333829312 NOTICE: Log level changed to "LOG_LEVEL_NORMAL"
09:23:16.911 T:140605333829312 NOTICE: Samba is idle. Closing the remaining connections